592 + 115 = 4*m. Calculate the greatest common factor of 13 and t.
13
Let m be 39/2 + 15/30. Let f = m - 2. Calculate the highest common factor of 162 and f.
18
Suppose -3*i = 2*n - 78, 4*i - 3*n - 93 = i. Let d be (1 - 2/(-4))*i. Let l be d/1*(-6 - -7). Calculate the highest common divisor of l and 14.
14
Let g(q) = -2*q - 15. Let w be g(-15). What is the greatest common factor of 15 and w?
15
Suppose -12*f + 7*f = 0. Suppose -4*o = -3*s - 975, f = -5*o + s - 2*s + 1214. Calculate the highest common divisor of o and 27.
27
Let k(c) = c**3 + 23*c**2 - 23*c + 38. Let l be k(-24). Calculate the highest common divisor of 28 and l.
14
Let c(u) = u**3 - 4*u**2 + u - 3. Let m be c(4). Let t(b) = 28*b**2 - b. Let w be t(m). What is the highest common divisor of w and 3?
3
Let o be (-2)/(-11) - (-2562)/66. What is the greatest common divisor of o and 26?
13
Suppose 16 = x + 3*w - 5, 0 = 3*x - 5*w - 35. Calculate the greatest common divisor of 3 and x.
3
Let t be 4/5*15/6. Suppose 57 - 1 = t*m. What is the highest common factor of m and 7?
7
Suppose 4*x - 240 = -x. What is the highest common divisor of 6 and x?
6
Let o(t) = t - 5. Let k be o(7). Suppose 38 = 2*q + k. Calculate the highest common divisor of q and 2.
2
Let n be (5/2)/(-1)*-2. What is the greatest common divisor of 10 and n?
5
Suppose -4*u - 5 + 131 = 3*z, -3*u = -5*z + 210. Let x(o) = 5*o - 6. Let r be x(4). What is the greatest common factor of z and r?
14
Suppose 3*i = -l + 11, -3 = -4*i + i + 3*l. What is the greatest common factor of 60 and i?
3
Suppose -2*s = -3*g - 44, -3*g + 70 = 7*s - 3*s. Suppose -14 = -3*z + s. What is the greatest common divisor of z and 44?
11
Let d = -105 + 115. What is the highest common factor of 10 and d?
10
Suppose 5*f + 2*p = 66, -5*f + 54 = -0*p - 2*p. Let i(k) = 2*k**2 - k - 3. Let q be i(3). What is the greatest common divisor of q and f?
12
Let l be ((-34)/4)/((-1)/2). Let r(s) = s - 1. Let d be r(6). Suppose 3*h = 2*h - 3*i + 59, -d*h + 328 = 4*i. What is the highest common factor of h and l?
17
Suppose -l + 2*b - 3*b + 43 = 0, 4*b = -3*l + 128. Calculate the greatest common divisor of 11 and l.
11
Let h = 96 - 84. Calculate the greatest common divisor of h and 12.
12
Let k(v) = 100*v**2 - v + 1. Let n be k(1). Calculate the greatest common divisor of 20 and n.
20
Suppose -65 = -4*p - 13. Suppose -235 = -m + 3*k, -m + 5*k + 23 = -210. Let d be m/18 + (-2)/9. What is the highest common factor of p and d?
13
Let k be 145/58*28/5. Suppose -12 + 152 = 5*d. What is the highest common divisor of k and d?
14
Let j = -18 - -221. Let i = j + -117. Let x = -50 + i. Calculate the highest common divisor of 4 and x.
4
Let q(z) = z**2 - 4. Let w be q(3). Let y(m) = -m**2 + 7*m - 7. Let k be y(w). Let i be (-4)/(-1*k/12). What is the highest common factor of i and 16?
16
Suppose 140 = 3*r - 4*m, -20 = -r - 4*m + 32. Calculate the greatest common factor of 72 and r.
24
Let w be 6/(4/(-2)) + 93. Suppose 5*z + 5*d = w, 2*d - 18 = -z - 2*d. Let r(q) = 2*q**2 + 4*q + 2. Let p be r(-4). What is the highest common factor of p and z?
18
Let l(t) = t + 16. Let c be l(8). Suppose 4*b - w = w + 86, -2*w = -2*b + 38. Calculate the highest common factor of c and b.
24
Let p = -3 - -4. Let s(c) = 2*c - 1. Let b be s(p). Let g be 0 + 5 - (1 - b). What is the highest common factor of 55 and g?
5
Suppose -3*c + 5 = -7. Suppose 0*a + 145 = c*a + s, 0 = a + 2*s - 45. Let v(h) = 14*h**2. Let x be v(1). What is the greatest common divisor of a and x?
7
Let j(m) = 99*m**2 - m + 2. Let p be j(2). Suppose p = 2*z + z. Calculate the highest common divisor of 22 and z.
22
Let j(w) = 32*w - 4. Let h be j(2). Calculate the greatest common divisor of 20 and h.
20
Let a = -110 + 113. What is the highest common factor of a and 24?
3
Suppose 48 = -10*h + 268. Calculate the greatest common factor of 55 and h.
11
Let g(f) = f + 37. Let m be g(0). Suppose 5*j = 3*t + 14, 2*j = 4*t - j + m. Let w = t - -25. What is the highest common divisor of 84 and w?
12
Let d = -416 + 421. Let u(s) be the third derivative of s**5/30 + s**4/3 + 5*s**3/6 + s**2. Let a be u(-5). Calculate the greatest common divisor of a and d.
5
Let x = 160 + 50. Calculate the greatest common factor of 35 and x.
35
Let x(g) = -g**3 + g**2 + 36. Suppose -3*o - 25 = -4*o + 4*w, -4*w - 10 = 2*o. Let t = o - 5. Let f be x(t). What is the highest common divisor of f and 12?
12
Suppose -236 = -4*d + 4*a - 0*a, -4*d + 3*a = -240. Let o be d/49 + (-2)/7. Let v be 5 - (2 + -1 - -1). Calculate the highest common factor of v and o.
1
Suppose 114 + 198 = 6*h. Let i be (-2)/(-3) - 37/(-3). What is the highest common factor of h and i?
13
Suppose 46 = -5*p - 69. Let v = 29 + p. What is the highest common divisor of 24 and v?
6
Let s be 70 - 2 - (-1 + -3 + 2). What is the greatest common factor of 14 and s?
14
Let u = -4 + 6. Let s = 6 - u. Suppose -s*p + 26 = 2*f, 3*p - 15 = -3*f - 3. What is the highest common divisor of p and 9?
9
Let j be (-44)/6 + 2/(-3). Let t = -2 + j. Let q be 1/2 + (-135)/t. Calculate the greatest common factor of 14 and q.
14
Let n = -10 - -19. Suppose 0 = -2*r - 8, -x + 0 - n = 5*r. Calculate the greatest common divisor of x and 77.
11
Suppose -4*m + 164 = -136. Suppose 5*q = 4*s - 37, -29 = 4*q - 2*s - s. Let l be (-12)/(-2 - 8/q). What is the highest common divisor of l and m?
15
Suppose 0 = -4*k - 2 + 6. Let b(v) = 13*v**2 - 2*v + 1. Let s be b(k). Let d = 29 + 55. Calculate the greatest common factor of s and d.
12
Let i(s) = -s**2 - 6*s + 2. Let n be i(-6). Let w be (2 + n)/2 - -30. Calculate the highest common factor of w and 80.
16
Let o be ((-2)/(-5))/(2/300). Calculate the greatest common factor of o and 20.
20
Let a(u) = -56*u. Let t be a(-3). Suppose 2*n = -2*n - t. Let h = 72 + n. Calculate the greatest common divisor of h and 10.
10
Let b(c) = -c**3 - 8*c**2 - 8*c + 3. Let v be b(-7). Suppose -v - 450 = -5*k. Calculate the greatest common divisor of k and 23.
23
Let i = 156 + -106. Calculate the highest common divisor of 75 and i.
25
Let o(d) = 4*d - 2. Let z(c) = c - 1. Let k(t) = 2*o(t) - 4*z(t). Let g be k(1). Suppose -2*h + 0*h + g = 0. What is the highest common divisor of 4 and h?
2
Let a(p) = -p**3 + 5*p**2 - p + 13. Let c be a(5). What is the greatest common factor of 32 and c?
8
Let q(y) = -y**3 + 2*y**2 + 5*y - 2. Let a be q(3). Let w(c) = c + a - 2*c + 3 - 4. Let g be w(-7). Calculate the greatest common factor of g and 80.
10
Let q = 14 - 4. What is the highest common divisor of 20 and q?
10
Suppose -4*c = -3*c - 3. Let h = 31 + -1. Calculate the highest common factor of c and h.
3
Suppose -4 = k - 6. Let x be 8 + 3 - k/(-2). Let z(w) = -4*w - 25. Let a be z(-7). What is the greatest common factor of x and a?
3
Suppose 73 = 2*s + 2*y - 211, 5*s = -y + 730. Let k = s + -84. Calculate the highest common divisor of k and 9.
9
Let w be (-3)/(-2*(-9)/(-132)). What is the greatest common divisor of 33 and w?
11
Let w = 3 + -16. Let m = -4 - w. What is the greatest common divisor of m and 99?
9
Suppose -5*u = -2*l - u + 284, l - 162 = -2*u. What is the greatest common divisor of l and 19?
19
Let h = -123 - -161. Let p = 7 - -12. What is the greatest common factor of p and h?
19
Let p = -9 + 9. Suppose 24 = -p*t + 3*t. Let v be t + ((-2)/(-2) - -2). What is the highest common factor of 44 and v?
11
Let j(w) be the first derivative of w**4/4 + 7*w**3/3 - w**2/2 - 6*w - 1. Let q be j(-7). What is the greatest common factor of q and 1?
1
Let f(l) = l**2 + l - 3. Let y be f(-5). Let i be -5*(2 + (-3 - 0)). Suppose 0 = 3*t - 6 - 0, 2*a - 316 = -i*t. Calculate the greatest common factor of y and a.
17
Let m = -19 - -52. Let k be (-2 - -3) + 1 - -20. Calculate the greatest common divisor of k and m.
11
Suppose 0*h - 10 = -2*h. Suppose 3*t = 2*t - 2*n + 14, -t + h*n + 7 = 0. Calculate the greatest common factor of 132 and t.
12
Let n be 0 + 5 + 1 + -3. Let i be (n/(-6))/(2/(-24)). Let l = -12 - -18. Calculate the highest common divisor of l and i.
6
Let u(s) = s**3 - 5*s**2 + 5*s - 6. Let k be u(5). What is the highest common factor of 152 and k?
19
Let c = 162 + -81. Calculate the greatest common factor of c and 9.
9
Suppose -19*n + 110 + 498 = 0. Calculate the highest common factor of n and 224.
32
Le